Dec 01 06:24:21.108 INFO testing penland365/gh against master#8940af3cea4a9a9deabcaf843b2f8cad9a83fc61 for beta-1.31-5
Dec 01 06:24:21.109 INFO running `"docker" "create" "-v" "/mnt/big/crater/work/local/target-dirs/beta-1.31-5/worker-4/master#8940af3cea4a9a9deabcaf843b2f8cad9a83fc61:/target:rw,Z" "-v" "/mnt/big/crater/work/local/test-source/worker-4/beta-1.31-5/master#8940af3cea4a9a9deabcaf843b2f8cad9a83fc61:/source:ro,Z" "-v" "/mnt/big/crater/work/local/cargo-home:/cargo-home:ro,Z" "-v" "/mnt/big/crater/work/local/rustup-home:/rustup-home:ro,Z" "-e" "USER_ID=1000" "-e" "SOURCE_DIR=/source" "-e" "USER_ID=1000" "-e" "CMD=cargo +8940af3cea4a9a9deabcaf843b2f8cad9a83fc61-alt build --frozen" "-e" "CARGO_TARGET_DIR=/target" "-e" "CARGO_INCREMENTAL=0" "-e" "RUST_BACKTRACE=full" "-e" "RUSTFLAGS=--cap-lints=warn" "-e" "CARGO_HOME=/cargo-home" "-e" "RUSTUP_HOME=/rustup-home" "-m" "1536M" "--network" "none" "crater"`
Dec 01 06:24:21.535 INFO [stdout] 5adb7b5bcaca07b28a0c61dfb4289a17729c95f36c5c274a6cab80c7e133e15e
Dec 01 06:24:21.541 INFO running `"docker" "start" "-a" "5adb7b5bcaca07b28a0c61dfb4289a17729c95f36c5c274a6cab80c7e133e15e"`
Dec 01 06:24:23.118 INFO [stderr] usermod: no changes
Dec 01 06:24:23.311 INFO [stderr]    Compiling gcc v0.3.47
Dec 01 06:24:23.311 INFO [stderr]    Compiling openssl v0.9.12
Dec 01 06:24:23.360 INFO [stderr]    Compiling version v2.0.1
Dec 01 06:24:23.360 INFO [stderr]    Compiling unicode-bidi v0.3.2
Dec 01 06:24:23.361 INFO [stderr]    Compiling time v0.1.37
Dec 01 06:24:23.361 INFO [stderr]    Compiling num_cpus v1.4.0
Dec 01 06:24:23.361 INFO [stderr]    Compiling mime v0.2.4
Dec 01 06:24:23.361 INFO [stderr]    Compiling serde_json v1.0.2
Dec 01 06:24:33.087 INFO [stderr]    Compiling hyper v0.10.10
Dec 01 06:24:33.103 INFO [stderr]    Compiling idna v0.1.2
Dec 01 06:24:33.388 INFO [stderr]    Compiling openssl-sys v0.9.12
Dec 01 06:24:41.411 INFO [stderr]    Compiling url v1.4.0
Dec 01 06:24:51.919 INFO [stderr]    Compiling native-tls v0.1.2
Dec 01 06:24:59.160 INFO [stderr]    Compiling hyper-native-tls v0.2.2
Dec 01 06:25:00.299 INFO [stderr]    Compiling gh v0.0.2-SNAPSHOT (/source)
Dec 01 06:25:01.431 INFO [stderr] warning: unused import: `config`
Dec 01 06:25:01.431 INFO [stderr]  --> src/commands/orgs.rs:2:5
Dec 01 06:25:01.431 INFO [stderr]   |
Dec 01 06:25:01.431 INFO [stderr] 2 | use config;
Dec 01 06:25:01.431 INFO [stderr]   |     ^^^^^^
Dec 01 06:25:01.431 INFO [stderr]   |
Dec 01 06:25:01.431 INFO [stderr]   = note: #[warn(unused_imports)] on by default
Dec 01 06:25:01.431 INFO [stderr] 
Dec 01 06:25:01.431 INFO [stderr] warning: unused imports: `GitHubResponse`, `orgs`
Dec 01 06:25:01.431 INFO [stderr]  --> src/commands/orgs.rs:3:15
Dec 01 06:25:01.431 INFO [stderr]   |
Dec 01 06:25:01.431 INFO [stderr] 3 | use git_hub::{GitHubResponse, orgs};
Dec 01 06:25:01.431 INFO [stderr]   |               ^^^^^^^^^^^^^^  ^^^^
Dec 01 06:25:01.431 INFO [stderr] 
Dec 01 06:25:01.431 INFO [stderr] warning: unused import: `serde_json`
Dec 01 06:25:01.431 INFO [stderr]  --> src/commands/orgs.rs:5:5
Dec 01 06:25:01.431 INFO [stderr]   |
Dec 01 06:25:01.431 INFO [stderr] 5 | use serde_json;
Dec 01 06:25:01.431 INFO [stderr]   |     ^^^^^^^^^^
Dec 01 06:25:01.431 INFO [stderr] 
Dec 01 06:25:01.431 INFO [stderr] warning: unused import: `serde_json::Error`
Dec 01 06:25:01.431 INFO [stderr]  --> src/commands/orgs.rs:6:5
Dec 01 06:25:01.431 INFO [stderr]   |
Dec 01 06:25:01.431 INFO [stderr] 6 | use serde_json::Error;
Dec 01 06:25:01.431 INFO [stderr]   |     ^^^^^^^^^^^^^^^^^
Dec 01 06:25:01.431 INFO [stderr] 
Dec 01 06:25:01.431 INFO [stderr] warning: unused import: `config`
Dec 01 06:25:01.431 INFO [stderr]  --> src/commands/pullreqs.rs:2:5
Dec 01 06:25:01.431 INFO [stderr]   |
Dec 01 06:25:01.431 INFO [stderr] 2 | use config;
Dec 01 06:25:01.431 INFO [stderr]   |     ^^^^^^
Dec 01 06:25:01.431 INFO [stderr] 
Dec 01 06:25:01.431 INFO [stderr] warning: unused import: `serde_json`
Dec 01 06:25:01.431 INFO [stderr]  --> src/commands/pullreqs.rs:4:5
Dec 01 06:25:01.432 INFO [stderr]   |
Dec 01 06:25:01.432 INFO [stderr] 4 | use serde_json;
Dec 01 06:25:01.432 INFO [stderr]   |     ^^^^^^^^^^
Dec 01 06:25:01.432 INFO [stderr] 
Dec 01 06:25:01.432 INFO [stderr] warning: unused import: `serde_json::Error`
Dec 01 06:25:01.432 INFO [stderr]   --> src/config.rs:11:5
Dec 01 06:25:01.432 INFO [stderr]    |
Dec 01 06:25:01.432 INFO [stderr] 11 | use serde_json::Error;
Dec 01 06:25:01.432 INFO [stderr]    |     ^^^^^^^^^^^^^^^^^
Dec 01 06:25:01.432 INFO [stderr] 
Dec 01 06:25:01.432 INFO [stderr] warning: unused import: `git_hub`
Dec 01 06:25:01.432 INFO [stderr]  --> src/git_hub/orgs.rs:3:5
Dec 01 06:25:01.432 INFO [stderr]   |
Dec 01 06:25:01.432 INFO [stderr] 3 | use git_hub;
Dec 01 06:25:01.432 INFO [stderr]   |     ^^^^^^^
Dec 01 06:25:01.432 INFO [stderr] 
Dec 01 06:25:01.432 INFO [stderr] warning: unused import: `hyper::Url`
Dec 01 06:25:01.432 INFO [stderr]  --> src/git_hub/orgs.rs:6:5
Dec 01 06:25:01.432 INFO [stderr]   |
Dec 01 06:25:01.432 INFO [stderr] 6 | use hyper::Url;
Dec 01 06:25:01.432 INFO [stderr]   |     ^^^^^^^^^^
Dec 01 06:25:01.432 INFO [stderr] 
Dec 01 06:25:01.432 INFO [stderr] warning: unused import: `hyper::client::Request`
Dec 01 06:25:01.432 INFO [stderr]  --> src/git_hub/orgs.rs:7:5
Dec 01 06:25:01.432 INFO [stderr]   |
Dec 01 06:25:01.432 INFO [stderr] 7 | use hyper::client::Request;
Dec 01 06:25:01.432 INFO [stderr]   |     ^^^^^^^^^^^^^^^^^^^^^^
Dec 01 06:25:01.432 INFO [stderr] 
Dec 01 06:25:01.432 INFO [stderr] warning: unused import: `hyper::method::Method`
Dec 01 06:25:01.432 INFO [stderr]  --> src/git_hub/orgs.rs:8:5
Dec 01 06:25:01.432 INFO [stderr]   |
Dec 01 06:25:01.432 INFO [stderr] 8 | use hyper::method::Method;
Dec 01 06:25:01.432 INFO [stderr]   |     ^^^^^^^^^^^^^^^^^^^^^
Dec 01 06:25:01.432 INFO [stderr] 
Dec 01 06:25:01.432 INFO [stderr] warning: unused imports: `Fresh`, `HttpsConnector`
Dec 01 06:25:01.432 INFO [stderr]  --> src/git_hub/orgs.rs:9:18
Dec 01 06:25:01.432 INFO [stderr]   |
Dec 01 06:25:01.432 INFO [stderr] 9 | use hyper::net::{Fresh, HttpsConnector};
Dec 01 06:25:01.432 INFO [stderr]   |                  ^^^^^  ^^^^^^^^^^^^^^
Dec 01 06:25:01.432 INFO [stderr] 
Dec 01 06:25:01.432 INFO [stderr] warning: unused import: `hyper::status::StatusCode`
Dec 01 06:25:01.432 INFO [stderr]   --> src/git_hub/orgs.rs:10:5
Dec 01 06:25:01.432 INFO [stderr]    |
Dec 01 06:25:01.432 INFO [stderr] 10 | use hyper::status::StatusCode;
Dec 01 06:25:01.432 INFO [stderr]    |     ^^^^^^^^^^^^^^^^^^^^^^^^^
Dec 01 06:25:01.432 INFO [stderr] 
Dec 01 06:25:01.432 INFO [stderr] warning: unused import: `std::str::from_utf8`
Dec 01 06:25:01.432 INFO [stderr]   --> src/git_hub/orgs.rs:13:5
Dec 01 06:25:01.432 INFO [stderr]    |
Dec 01 06:25:01.432 INFO [stderr] 13 | use std::str::from_utf8;
Dec 01 06:25:01.432 INFO [stderr]    |     ^^^^^^^^^^^^^^^^^^^
Dec 01 06:25:01.432 INFO [stderr] 
Dec 01 06:25:01.447 INFO [stderr] warning: unused import: `HttpsConnector`
Dec 01 06:25:01.447 INFO [stderr]   --> src/git_hub/orgs.rs:72:25
Dec 01 06:25:01.447 INFO [stderr]    |
Dec 01 06:25:01.447 INFO [stderr] 72 | use hyper::net::{Fresh, HttpsConnector};
Dec 01 06:25:01.447 INFO [stderr]    |                         ^^^^^^^^^^^^^^
Dec 01 06:25:01.447 INFO [stderr] 
Dec 01 06:25:01.447 INFO [stderr] warning: unused import: `hyper::status::StatusCode`
Dec 01 06:25:01.447 INFO [stderr]   --> src/git_hub/orgs.rs:73:5
Dec 01 06:25:01.447 INFO [stderr]    |
Dec 01 06:25:01.447 INFO [stderr] 73 | use hyper::status::StatusCode;
Dec 01 06:25:01.447 INFO [stderr]    |     ^^^^^^^^^^^^^^^^^^^^^^^^^
Dec 01 06:25:01.447 INFO [stderr] 
Dec 01 06:25:01.458 INFO [stderr] warning: use of deprecated item 'std::env::home_dir': This function's behavior is unexpected and probably not what you want. Consider using the home_dir function from https://crates.io/crates/dirs instead.
Dec 01 06:25:01.458 INFO [stderr]    --> src/config.rs:139:11
Dec 01 06:25:01.458 INFO [stderr]     |
Dec 01 06:25:01.458 INFO [stderr] 139 |     match env::home_dir() {
Dec 01 06:25:01.458 INFO [stderr]     |           ^^^^^^^^^^^^^
Dec 01 06:25:01.458 INFO [stderr]     |
Dec 01 06:25:01.458 INFO [stderr]     = note: #[warn(deprecated)] on by default
Dec 01 06:25:01.458 INFO [stderr] 
Dec 01 06:25:01.832 INFO [stderr] warning: unused variable: `matches`
Dec 01 06:25:01.832 INFO [stderr]   --> src/commands/pullreqs.rs:54:19
Dec 01 06:25:01.832 INFO [stderr]    |
Dec 01 06:25:01.832 INFO [stderr] 54 | fn list_pull_reqs(matches: &ArgMatches) -> () {
Dec 01 06:25:01.832 INFO [stderr]    |                   ^^^^^^^ help: consider using `_matches` instead
Dec 01 06:25:01.832 INFO [stderr]    |
Dec 01 06:25:01.832 INFO [stderr]    = note: #[warn(unused_variables)] on by default
Dec 01 06:25:01.832 INFO [stderr] 
Dec 01 06:25:01.832 INFO [stderr] warning: unused variable: `matches`
Dec 01 06:25:01.832 INFO [stderr]   --> src/commands/pullreqs.rs:75:24
Dec 01 06:25:01.832 INFO [stderr]    |
Dec 01 06:25:01.832 INFO [stderr] 75 | fn create_pull_request(matches: &ArgMatches) -> () {
Dec 01 06:25:01.832 INFO [stderr]    |                        ^^^^^^^ help: consider using `_matches` instead
Dec 01 06:25:01.832 INFO [stderr] 
Dec 01 06:25:01.983 INFO [stderr] warning: function `SUBCOMMAND` should have a snake case name such as `subcommand`
Dec 01 06:25:01.983 INFO [stderr]   --> src/commands/orgs.rs:8:1
Dec 01 06:25:01.983 INFO [stderr]    |
Dec 01 06:25:01.983 INFO [stderr] 8  | / pub fn SUBCOMMAND<'a, 'b>() -> App<'a, 'b> {
Dec 01 06:25:01.983 INFO [stderr] 9  | |     SubCommand::with_name("orgs")
Dec 01 06:25:01.983 INFO [stderr] 10 | |                 .about("List, Get, Edit your GitHub Organizations")
Dec 01 06:25:01.983 INFO [stderr] 11 | |                 .version(version!())
Dec 01 06:25:01.983 INFO [stderr] ...  |
Dec 01 06:25:01.983 INFO [stderr] 26 | |                                              .takes_value(true)))
Dec 01 06:25:01.983 INFO [stderr] 27 | | }
Dec 01 06:25:01.983 INFO [stderr]    | |_^
Dec 01 06:25:01.983 INFO [stderr]    |
Dec 01 06:25:01.983 INFO [stderr]    = note: #[warn(non_snake_case)] on by default
Dec 01 06:25:01.983 INFO [stderr] 
Dec 01 06:25:01.983 INFO [stderr] warning: function `SUBCOMMAND` should have a snake case name such as `subcommand`
Dec 01 06:25:01.983 INFO [stderr]   --> src/commands/pullreqs.rs:6:1
Dec 01 06:25:01.983 INFO [stderr]    |
Dec 01 06:25:01.983 INFO [stderr] 6  | / pub fn SUBCOMMAND<'a, 'b>() -> App<'a, 'b> {
Dec 01 06:25:01.983 INFO [stderr] 7  | |     SubCommand::with_name("pullreq")
Dec 01 06:25:01.983 INFO [stderr] 8  | |                 .about("List, Get, Create, Edit, and Merge a GitHub Pull Request.")
Dec 01 06:25:01.983 INFO [stderr] 9  | |                 .version(version!())
Dec 01 06:25:01.983 INFO [stderr] ...  |
Dec 01 06:25:01.983 INFO [stderr] 42 | |
Dec 01 06:25:01.983 INFO [stderr] 43 | | }
Dec 01 06:25:01.983 INFO [stderr]    | |_^
Dec 01 06:25:01.983 INFO [stderr] 
Dec 01 06:25:06.731 INFO [stderr]     Finished dev [unoptimized + debuginfo] target(s) in 43.58s
Dec 01 06:25:06.751 INFO [stderr] su: No module specific data is present
Dec 01 06:25:08.499 INFO running `"docker" "inspect" "5adb7b5bcaca07b28a0c61dfb4289a17729c95f36c5c274a6cab80c7e133e15e"`
Dec 01 06:25:08.843 INFO running `"docker" "rm" "-f" "5adb7b5bcaca07b28a0c61dfb4289a17729c95f36c5c274a6cab80c7e133e15e"`
Dec 01 06:25:09.127 INFO [stdout] 5adb7b5bcaca07b28a0c61dfb4289a17729c95f36c5c274a6cab80c7e133e15e
Dec 01 06:25:09.135 INFO running `"docker" "create" "-v" "/mnt/big/crater/work/local/target-dirs/beta-1.31-5/worker-4/master#8940af3cea4a9a9deabcaf843b2f8cad9a83fc61:/target:rw,Z" "-v" "/mnt/big/crater/work/local/test-source/worker-4/beta-1.31-5/master#8940af3cea4a9a9deabcaf843b2f8cad9a83fc61:/source:ro,Z" "-v" "/mnt/big/crater/work/local/cargo-home:/cargo-home:ro,Z" "-v" "/mnt/big/crater/work/local/rustup-home:/rustup-home:ro,Z" "-e" "USER_ID=1000" "-e" "SOURCE_DIR=/source" "-e" "USER_ID=1000" "-e" "CMD=cargo +8940af3cea4a9a9deabcaf843b2f8cad9a83fc61-alt test --frozen --no-run" "-e" "CARGO_TARGET_DIR=/target" "-e" "CARGO_INCREMENTAL=0" "-e" "RUST_BACKTRACE=full" "-e" "RUSTFLAGS=--cap-lints=warn" "-e" "CARGO_HOME=/cargo-home" "-e" "RUSTUP_HOME=/rustup-home" "-m" "1536M" "--network" "none" "crater"`
Dec 01 06:25:09.561 INFO [stdout] b9066b86510bfc752154f815d7ec9f674ac593a2f266dec2f65227614db7775f
Dec 01 06:25:09.567 INFO running `"docker" "start" "-a" "b9066b86510bfc752154f815d7ec9f674ac593a2f266dec2f65227614db7775f"`
Dec 01 06:25:11.347 INFO [stderr] usermod: no changes
Dec 01 06:25:11.511 INFO [stderr]    Compiling memchr v0.1.11
Dec 01 06:25:11.512 INFO [stderr]    Compiling rand v0.3.15
Dec 01 06:25:11.531 INFO [stderr]    Compiling thread-id v2.0.0
Dec 01 06:25:12.491 INFO [stderr]    Compiling thread_local v0.2.7
Dec 01 06:25:12.507 INFO [stderr]    Compiling aho-corasick v0.5.3
Dec 01 06:25:14.839 INFO [stderr]    Compiling regex v0.1.80
Dec 01 06:25:23.996 INFO [stderr]    Compiling env_logger v0.3.5
Dec 01 06:25:25.037 INFO [stderr]    Compiling quickcheck v0.4.1
Dec 01 06:25:27.111 INFO [stderr]    Compiling gh v0.0.2-SNAPSHOT (/source)
Dec 01 06:25:28.191 INFO [stderr] warning: unused `#[macro_use]` import
Dec 01 06:25:28.191 INFO [stderr]  --> src/main.rs:2:1
Dec 01 06:25:28.191 INFO [stderr]   |
Dec 01 06:25:28.191 INFO [stderr] 2 | #[macro_use]
Dec 01 06:25:28.191 INFO [stderr]   | ^^^^^^^^^^^^
Dec 01 06:25:28.191 INFO [stderr]   |
Dec 01 06:25:28.191 INFO [stderr]   = note: #[warn(unused_imports)] on by default
Dec 01 06:25:28.191 INFO [stderr] 
Dec 01 06:25:28.191 INFO [stderr] warning: unused import: `config`
Dec 01 06:25:28.191 INFO [stderr]  --> src/commands/orgs.rs:2:5
Dec 01 06:25:28.191 INFO [stderr]   |
Dec 01 06:25:28.191 INFO [stderr] 2 | use config;
Dec 01 06:25:28.191 INFO [stderr]   |     ^^^^^^
Dec 01 06:25:28.191 INFO [stderr] 
Dec 01 06:25:28.191 INFO [stderr] warning: unused imports: `GitHubResponse`, `orgs`
Dec 01 06:25:28.191 INFO [stderr]  --> src/commands/orgs.rs:3:15
Dec 01 06:25:28.191 INFO [stderr]   |
Dec 01 06:25:28.191 INFO [stderr] 3 | use git_hub::{GitHubResponse, orgs};
Dec 01 06:25:28.191 INFO [stderr]   |               ^^^^^^^^^^^^^^  ^^^^
Dec 01 06:25:28.191 INFO [stderr] 
Dec 01 06:25:28.191 INFO [stderr] warning: unused import: `serde_json`
Dec 01 06:25:28.191 INFO [stderr]  --> src/commands/orgs.rs:5:5
Dec 01 06:25:28.191 INFO [stderr]   |
Dec 01 06:25:28.191 INFO [stderr] 5 | use serde_json;
Dec 01 06:25:28.191 INFO [stderr]   |     ^^^^^^^^^^
Dec 01 06:25:28.191 INFO [stderr] 
Dec 01 06:25:28.191 INFO [stderr] warning: unused import: `serde_json::Error`
Dec 01 06:25:28.191 INFO [stderr]  --> src/commands/orgs.rs:6:5
Dec 01 06:25:28.191 INFO [stderr]   |
Dec 01 06:25:28.191 INFO [stderr] 6 | use serde_json::Error;
Dec 01 06:25:28.191 INFO [stderr]   |     ^^^^^^^^^^^^^^^^^
Dec 01 06:25:28.191 INFO [stderr] 
Dec 01 06:25:28.191 INFO [stderr] warning: unused import: `config`
Dec 01 06:25:28.191 INFO [stderr]  --> src/commands/pullreqs.rs:2:5
Dec 01 06:25:28.192 INFO [stderr]   |
Dec 01 06:25:28.192 INFO [stderr] 2 | use config;
Dec 01 06:25:28.192 INFO [stderr]   |     ^^^^^^
Dec 01 06:25:28.192 INFO [stderr] 
Dec 01 06:25:28.192 INFO [stderr] warning: unused import: `serde_json`
Dec 01 06:25:28.192 INFO [stderr]  --> src/commands/pullreqs.rs:4:5
Dec 01 06:25:28.192 INFO [stderr]   |
Dec 01 06:25:28.192 INFO [stderr] 4 | use serde_json;
Dec 01 06:25:28.192 INFO [stderr]   |     ^^^^^^^^^^
Dec 01 06:25:28.192 INFO [stderr] 
Dec 01 06:25:28.192 INFO [stderr] warning: unused import: `serde_json::Error`
Dec 01 06:25:28.192 INFO [stderr]   --> src/config.rs:11:5
Dec 01 06:25:28.192 INFO [stderr]    |
Dec 01 06:25:28.192 INFO [stderr] 11 | use serde_json::Error;
Dec 01 06:25:28.192 INFO [stderr]    |     ^^^^^^^^^^^^^^^^^
Dec 01 06:25:28.192 INFO [stderr] 
Dec 01 06:25:28.192 INFO [stderr] warning: unused import: `git_hub`
Dec 01 06:25:28.192 INFO [stderr]  --> src/git_hub/orgs.rs:3:5
Dec 01 06:25:28.192 INFO [stderr]   |
Dec 01 06:25:28.192 INFO [stderr] 3 | use git_hub;
Dec 01 06:25:28.192 INFO [stderr]   |     ^^^^^^^
Dec 01 06:25:28.192 INFO [stderr] 
Dec 01 06:25:28.192 INFO [stderr] warning: unused import: `hyper::Url`
Dec 01 06:25:28.192 INFO [stderr]  --> src/git_hub/orgs.rs:6:5
Dec 01 06:25:28.192 INFO [stderr]   |
Dec 01 06:25:28.192 INFO [stderr] 6 | use hyper::Url;
Dec 01 06:25:28.192 INFO [stderr]   |     ^^^^^^^^^^
Dec 01 06:25:28.192 INFO [stderr] 
Dec 01 06:25:28.192 INFO [stderr] warning: unused import: `hyper::client::Request`
Dec 01 06:25:28.192 INFO [stderr]  --> src/git_hub/orgs.rs:7:5
Dec 01 06:25:28.192 INFO [stderr]   |
Dec 01 06:25:28.192 INFO [stderr] 7 | use hyper::client::Request;
Dec 01 06:25:28.192 INFO [stderr]   |     ^^^^^^^^^^^^^^^^^^^^^^
Dec 01 06:25:28.192 INFO [stderr] 
Dec 01 06:25:28.192 INFO [stderr] warning: unused import: `hyper::method::Method`
Dec 01 06:25:28.192 INFO [stderr]  --> src/git_hub/orgs.rs:8:5
Dec 01 06:25:28.192 INFO [stderr]   |
Dec 01 06:25:28.192 INFO [stderr] 8 | use hyper::method::Method;
Dec 01 06:25:28.192 INFO [stderr]   |     ^^^^^^^^^^^^^^^^^^^^^
Dec 01 06:25:28.192 INFO [stderr] 
Dec 01 06:25:28.192 INFO [stderr] warning: unused imports: `Fresh`, `HttpsConnector`
Dec 01 06:25:28.192 INFO [stderr]  --> src/git_hub/orgs.rs:9:18
Dec 01 06:25:28.192 INFO [stderr]   |
Dec 01 06:25:28.192 INFO [stderr] 9 | use hyper::net::{Fresh, HttpsConnector};
Dec 01 06:25:28.192 INFO [stderr]   |                  ^^^^^  ^^^^^^^^^^^^^^
Dec 01 06:25:28.192 INFO [stderr] 
Dec 01 06:25:28.192 INFO [stderr] warning: unused import: `hyper::status::StatusCode`
Dec 01 06:25:28.192 INFO [stderr]   --> src/git_hub/orgs.rs:10:5
Dec 01 06:25:28.192 INFO [stderr]    |
Dec 01 06:25:28.192 INFO [stderr] 10 | use hyper::status::StatusCode;
Dec 01 06:25:28.192 INFO [stderr]    |     ^^^^^^^^^^^^^^^^^^^^^^^^^
Dec 01 06:25:28.192 INFO [stderr] 
Dec 01 06:25:28.192 INFO [stderr] warning: unused import: `std::str::from_utf8`
Dec 01 06:25:28.192 INFO [stderr]   --> src/git_hub/orgs.rs:13:5
Dec 01 06:25:28.192 INFO [stderr]    |
Dec 01 06:25:28.192 INFO [stderr] 13 | use std::str::from_utf8;
Dec 01 06:25:28.192 INFO [stderr]    |     ^^^^^^^^^^^^^^^^^^^
Dec 01 06:25:28.192 INFO [stderr] 
Dec 01 06:25:28.192 INFO [stderr] warning: unused import: `HttpsConnector`
Dec 01 06:25:28.192 INFO [stderr]   --> src/git_hub/orgs.rs:72:25
Dec 01 06:25:28.192 INFO [stderr]    |
Dec 01 06:25:28.192 INFO [stderr] 72 | use hyper::net::{Fresh, HttpsConnector};
Dec 01 06:25:28.192 INFO [stderr]    |                         ^^^^^^^^^^^^^^
Dec 01 06:25:28.192 INFO [stderr] 
Dec 01 06:25:28.192 INFO [stderr] warning: unused import: `hyper::status::StatusCode`
Dec 01 06:25:28.192 INFO [stderr]   --> src/git_hub/orgs.rs:73:5
Dec 01 06:25:28.192 INFO [stderr]    |
Dec 01 06:25:28.192 INFO [stderr] 73 | use hyper::status::StatusCode;
Dec 01 06:25:28.192 INFO [stderr]    |     ^^^^^^^^^^^^^^^^^^^^^^^^^
Dec 01 06:25:28.192 INFO [stderr] 
Dec 01 06:25:28.215 INFO [stderr] warning: use of deprecated item 'std::env::home_dir': This function's behavior is unexpected and probably not what you want. Consider using the home_dir function from https://crates.io/crates/dirs instead.
Dec 01 06:25:28.215 INFO [stderr]    --> src/config.rs:139:11
Dec 01 06:25:28.215 INFO [stderr]     |
Dec 01 06:25:28.215 INFO [stderr] 139 |     match env::home_dir() {
Dec 01 06:25:28.215 INFO [stderr]     |           ^^^^^^^^^^^^^
Dec 01 06:25:28.215 INFO [stderr]     |
Dec 01 06:25:28.215 INFO [stderr]     = note: #[warn(deprecated)] on by default
Dec 01 06:25:28.215 INFO [stderr] 
Dec 01 06:25:28.648 INFO [stderr] warning: unused variable: `matches`
Dec 01 06:25:28.648 INFO [stderr]   --> src/commands/pullreqs.rs:54:19
Dec 01 06:25:28.648 INFO [stderr]    |
Dec 01 06:25:28.649 INFO [stderr] 54 | fn list_pull_reqs(matches: &ArgMatches) -> () {
Dec 01 06:25:28.649 INFO [stderr]    |                   ^^^^^^^ help: consider using `_matches` instead
Dec 01 06:25:28.649 INFO [stderr]    |
Dec 01 06:25:28.650 INFO [stderr]    = note: #[warn(unused_variables)] on by default
Dec 01 06:25:28.650 INFO [stderr] 
Dec 01 06:25:28.650 INFO [stderr] warning: unused variable: `matches`
Dec 01 06:25:28.650 INFO [stderr]   --> src/commands/pullreqs.rs:75:24
Dec 01 06:25:28.651 INFO [stderr]    |
Dec 01 06:25:28.651 INFO [stderr] 75 | fn create_pull_request(matches: &ArgMatches) -> () {
Dec 01 06:25:28.651 INFO [stderr]    |                        ^^^^^^^ help: consider using `_matches` instead
Dec 01 06:25:28.651 INFO [stderr] 
Dec 01 06:25:28.791 INFO [stderr] warning: function `SUBCOMMAND` should have a snake case name such as `subcommand`
Dec 01 06:25:28.791 INFO [stderr]   --> src/commands/orgs.rs:8:1
Dec 01 06:25:28.791 INFO [stderr]    |
Dec 01 06:25:28.791 INFO [stderr] 8  | / pub fn SUBCOMMAND<'a, 'b>() -> App<'a, 'b> {
Dec 01 06:25:28.791 INFO [stderr] 9  | |     SubCommand::with_name("orgs")
Dec 01 06:25:28.791 INFO [stderr] 10 | |                 .about("List, Get, Edit your GitHub Organizations")
Dec 01 06:25:28.791 INFO [stderr] 11 | |                 .version(version!())
Dec 01 06:25:28.791 INFO [stderr] ...  |
Dec 01 06:25:28.791 INFO [stderr] 26 | |                                              .takes_value(true)))
Dec 01 06:25:28.791 INFO [stderr] 27 | | }
Dec 01 06:25:28.791 INFO [stderr]    | |_^
Dec 01 06:25:28.791 INFO [stderr]    |
Dec 01 06:25:28.791 INFO [stderr]    = note: #[warn(non_snake_case)] on by default
Dec 01 06:25:28.791 INFO [stderr] 
Dec 01 06:25:28.791 INFO [stderr] warning: function `SUBCOMMAND` should have a snake case name such as `subcommand`
Dec 01 06:25:28.791 INFO [stderr]   --> src/commands/pullreqs.rs:6:1
Dec 01 06:25:28.791 INFO [stderr]    |
Dec 01 06:25:28.791 INFO [stderr] 6  | / pub fn SUBCOMMAND<'a, 'b>() -> App<'a, 'b> {
Dec 01 06:25:28.791 INFO [stderr] 7  | |     SubCommand::with_name("pullreq")
Dec 01 06:25:28.791 INFO [stderr] 8  | |                 .about("List, Get, Create, Edit, and Merge a GitHub Pull Request.")
Dec 01 06:25:28.791 INFO [stderr] 9  | |                 .version(version!())
Dec 01 06:25:28.791 INFO [stderr] ...  |
Dec 01 06:25:28.791 INFO [stderr] 42 | |
Dec 01 06:25:28.791 INFO [stderr] 43 | | }
Dec 01 06:25:28.791 INFO [stderr]    | |_^
Dec 01 06:25:28.791 INFO [stderr] 
Dec 01 06:25:32.735 INFO [stderr]     Finished dev [unoptimized + debuginfo] target(s) in 21.37s
Dec 01 06:25:32.747 INFO [stderr] su: No module specific data is present
Dec 01 06:25:33.766 INFO running `"docker" "inspect" "b9066b86510bfc752154f815d7ec9f674ac593a2f266dec2f65227614db7775f"`
Dec 01 06:25:34.050 INFO running `"docker" "rm" "-f" "b9066b86510bfc752154f815d7ec9f674ac593a2f266dec2f65227614db7775f"`
Dec 01 06:25:34.338 INFO [stdout] b9066b86510bfc752154f815d7ec9f674ac593a2f266dec2f65227614db7775f
Dec 01 06:25:34.351 INFO running `"docker" "create" "-v" "/mnt/big/crater/work/local/target-dirs/beta-1.31-5/worker-4/master#8940af3cea4a9a9deabcaf843b2f8cad9a83fc61:/target:rw,Z" "-v" "/mnt/big/crater/work/local/test-source/worker-4/beta-1.31-5/master#8940af3cea4a9a9deabcaf843b2f8cad9a83fc61:/source:ro,Z" "-v" "/mnt/big/crater/work/local/cargo-home:/cargo-home:ro,Z" "-v" "/mnt/big/crater/work/local/rustup-home:/rustup-home:ro,Z" "-e" "USER_ID=1000" "-e" "SOURCE_DIR=/source" "-e" "USER_ID=1000" "-e" "CMD=cargo +8940af3cea4a9a9deabcaf843b2f8cad9a83fc61-alt test --frozen" "-e" "CARGO_TARGET_DIR=/target" "-e" "CARGO_INCREMENTAL=0" "-e" "RUST_BACKTRACE=full" "-e" "RUSTFLAGS=--cap-lints=warn" "-e" "CARGO_HOME=/cargo-home" "-e" "RUSTUP_HOME=/rustup-home" "-m" "1536M" "--network" "none" "crater"`
Dec 01 06:25:34.777 INFO [stdout] 3f010905e7712016d212fa5a8473f4f3725e8243535ea92ea3aa8b5c2bf65797
Dec 01 06:25:34.786 INFO running `"docker" "start" "-a" "3f010905e7712016d212fa5a8473f4f3725e8243535ea92ea3aa8b5c2bf65797"`
Dec 01 06:25:36.355 INFO [stderr] usermod: no changes
Dec 01 06:25:36.635 INFO [stderr]     Finished dev [unoptimized + debuginfo] target(s) in 0.22s
Dec 01 06:25:36.654 INFO [stderr]      Running /target/debug/deps/gh-afde6a343c02c5f0
Dec 01 06:25:36.675 INFO [stdout] 
Dec 01 06:25:36.675 INFO [stdout] running 11 tests
Dec 01 06:25:36.675 INFO [stdout] test evidence::json_ops::tests::test_from_str_or_die_deserialize ... ok
Dec 01 06:25:36.675 INFO [stdout] test commands::orgs::list::tests::test_build_output_forbidden ... ok
Dec 01 06:25:36.691 INFO [stdout] test commands::orgs::list::tests::test_build_output_no_string_body ... ok
Dec 01 06:25:36.691 INFO [stdout] test commands::orgs::list::tests::test_build_200_ok_no_string_body_output ... ok
Dec 01 06:25:36.691 INFO [stdout] test commands::orgs::list::tests::test_build_output_unknown ... ok
Dec 01 06:25:36.691 INFO [stdout] test evidence::json_ops::tests::test_to_pretty_json_or_die_serialize ... ok
Dec 01 06:25:36.703 INFO [stdout] test commands::orgs::list::tests::test_build_output_unauthorized ... ok
Dec 01 06:25:36.889 INFO [stdout] test git_hub::tests::test_add_base_headers ... FAILED
Dec 01 06:25:36.895 INFO [stdout] test git_hub::tests::test_add_auth_header ... FAILED
Dec 01 06:25:36.895 INFO [stdout] test git_hub::tests::test_add_headers ... FAILED
Dec 01 06:25:36.895 INFO [stdout] test evidence::json_ops::tests::test_from_str_or_die_die ... ok
Dec 01 06:25:36.895 INFO [stdout] 
Dec 01 06:25:36.895 INFO [stdout] failures:
Dec 01 06:25:36.895 INFO [stdout] 
Dec 01 06:25:36.895 INFO [stdout] ---- git_hub::tests::test_add_base_headers stdout ----
Dec 01 06:25:36.895 INFO [stdout] thread 'git_hub::tests::test_add_base_headers' panicked at 'called `Result::unwrap()` on an `Err` value: Io(Custom { kind: Other, error: StringError("failed to lookup address information: Temporary failure in name resolution") })', libcore/result.rs:1009:5
Dec 01 06:25:36.895 INFO [stdout] stack backtrace:
Dec 01 06:25:36.895 INFO [stdout]    0:     0x55a7a268088f - std::sys::unix::backtrace::tracing::imp::unwind_backtrace::h3a8b83e1922cbdde
Dec 01 06:25:36.895 INFO [stdout]                                at libstd/sys/unix/backtrace/tracing/gcc_s.rs:49
Dec 01 06:25:36.895 INFO [stdout]    1:     0x55a7a2689fa7 - std::sys_common::backtrace::print::h00d3155a29b4020f
Dec 01 06:25:36.895 INFO [stdout]                                at libstd/sys_common/backtrace.rs:71
Dec 01 06:25:36.895 INFO [stdout]                                at libstd/sys_common/backtrace.rs:59
Dec 01 06:25:36.895 INFO [stdout]    2:     0x55a7a2684a7f - std::panicking::default_hook::{{closure}}::hd7465c742e79e1bb
Dec 01 06:25:36.895 INFO [stdout]                                at libstd/panicking.rs:211
Dec 01 06:25:36.895 INFO [stdout]    3:     0x55a7a268477e - std::panicking::default_hook::h9e3966f2aa2a6e12
Dec 01 06:25:36.895 INFO [stdout]                                at libstd/panicking.rs:221
Dec 01 06:25:36.895 INFO [stdout]    4:     0x55a7a268515e - std::panicking::rust_panic_with_hook::h587f091ae747d080
Dec 01 06:25:36.895 INFO [stdout]                                at libstd/panicking.rs:476
Dec 01 06:25:36.895 INFO [stdout]    5:     0x55a7a2684d01 - std::panicking::continue_panic_fmt::hb3a4fdede87f43a8
Dec 01 06:25:36.895 INFO [stdout]                                at libstd/panicking.rs:390
Dec 01 06:25:36.895 INFO [stdout]    6:     0x55a7a2684be5 - rust_begin_unwind
Dec 01 06:25:36.895 INFO [stdout]                                at libstd/panicking.rs:325
Dec 01 06:25:36.895 INFO [stdout]    7:     0x55a7a26caa0c - core::panicking::panic_fmt::h6f9cebf5e7474a0b
Dec 01 06:25:36.896 INFO [stdout]                                at libcore/panicking.rs:77
Dec 01 06:25:36.896 INFO [stdout]    8:     0x55a7a25b9240 - core::result::unwrap_failed::ha75e2a1f2e72bffb
Dec 01 06:25:36.896 INFO [stdout]                                at libcore/macros.rs:26
Dec 01 06:25:36.896 INFO [stdout]    9:     0x55a7a2538a3d - <core::result::Result<T, E>>::unwrap::hcbd109141d54af80
Dec 01 06:25:36.896 INFO [stdout]                                at libcore/result.rs:808
Dec 01 06:25:36.896 INFO [stdout]   10:     0x55a7a2524354 - gh::git_hub::tests::build_test_request::h091dd9fb834d665c
Dec 01 06:25:36.896 INFO [stdout]                                at src/git_hub/mod.rs:84
Dec 01 06:25:36.896 INFO [stdout]   11:     0x55a7a2524e90 - gh::git_hub::tests::test_add_base_headers::h29cc4f9f328bc0c3
Dec 01 06:25:36.896 INFO [stdout]                                at src/git_hub/mod.rs:112
Dec 01 06:25:36.896 INFO [stdout]   12:     0x55a7a2524e69 - gh::git_hub::tests::test_add_base_headers::{{closure}}::h0c93b1ef79a86414
Dec 01 06:25:36.896 INFO [stdout]                                at src/git_hub/mod.rs:111
Dec 01 06:25:36.896 INFO [stdout]   13:     0x55a7a25259ad - core::ops::function::FnOnce::call_once::h394ded064f1e5381
Dec 01 06:25:36.896 INFO [stdout]                                at libcore/ops/function.rs:238
Dec 01 06:25:36.896 INFO [stdout]   14:     0x55a7a254814e - <F as alloc::boxed::FnBox<A>>::call_box::hac903f91577a156c
Dec 01 06:25:36.896 INFO [stdout]                                at libtest/lib.rs:1468
Dec 01 06:25:36.896 INFO [stdout]                                at libcore/ops/function.rs:238
Dec 01 06:25:36.896 INFO [stdout]                                at liballoc/boxed.rs:672
Dec 01 06:25:36.896 INFO [stdout]   15:     0x55a7a2694f59 - __rust_maybe_catch_panic
Dec 01 06:25:36.896 INFO [stdout]                                at libpanic_unwind/lib.rs:102
Dec 01 06:25:36.896 INFO [stdout]   16:     0x55a7a2569da2 - std::sys_common::backtrace::__rust_begin_short_backtrace::hb8f0d0309526c184
Dec 01 06:25:36.896 INFO [stdout]                                at libstd/panicking.rs:289
Dec 01 06:25:36.896 INFO [stdout]                                at libstd/panic.rs:392
Dec 01 06:25:36.896 INFO [stdout]                                at libtest/lib.rs:1423
Dec 01 06:25:36.896 INFO [stdout]                                at libstd/sys_common/backtrace.rs:136
Dec 01 06:25:36.896 INFO [stdout]   17:     0x55a7a256a854 - std::panicking::try::do_call::hc2f7c8b9a348d8db
Dec 01 06:25:36.896 INFO [stdout]                                at libstd/thread/mod.rs:409
Dec 01 06:25:36.896 INFO [stdout]                                at libstd/panic.rs:313
Dec 01 06:25:36.896 INFO [stdout]                                at libstd/panicking.rs:310
Dec 01 06:25:36.896 INFO [stdout]   18:     0x55a7a2694f59 - __rust_maybe_catch_panic
Dec 01 06:25:36.896 INFO [stdout]                                at libpanic_unwind/lib.rs:102
Dec 01 06:25:36.896 INFO [stdout]   19:     0x55a7a2557a8c - <F as alloc::boxed::FnBox<A>>::call_box::h6bfded618e480b32
Dec 01 06:25:36.896 INFO [stdout]                                at libstd/panicking.rs:289
Dec 01 06:25:36.896 INFO [stdout]                                at libstd/panic.rs:392
Dec 01 06:25:36.896 INFO [stdout]                                at libstd/thread/mod.rs:408
Dec 01 06:25:36.896 INFO [stdout]                                at liballoc/boxed.rs:672
Dec 01 06:25:36.896 INFO [stdout]   20:     0x55a7a268277d - std::sys_common::thread::start_thread::h4c28257d67cdf9cb
Dec 01 06:25:36.896 INFO [stdout]                                at liballoc/boxed.rs:682
Dec 01 06:25:36.896 INFO [stdout]                                at libstd/sys_common/thread.rs:24
Dec 01 06:25:36.896 INFO [stdout]   21:     0x55a7a2676105 - std::sys::unix::thread::Thread::new::thread_start::hfecb2e7eff8fd34f
Dec 01 06:25:36.896 INFO [stdout]                                at libstd/sys/unix/thread.rs:90
Dec 01 06:25:36.896 INFO [stdout]   22:     0x7f649373b6b9 - start_thread
Dec 01 06:25:36.896 INFO [stdout]   23:     0x7f649325b41c - clone
Dec 01 06:25:36.896 INFO [stdout]   24:                0x0 - <unknown>
Dec 01 06:25:36.896 INFO [stdout] 
Dec 01 06:25:36.896 INFO [stdout] ---- git_hub::tests::test_add_auth_header stdout ----
Dec 01 06:25:36.896 INFO [stdout] thread 'git_hub::tests::test_add_auth_header' panicked at 'called `Result::unwrap()` on an `Err` value: Io(Custom { kind: Other, error: StringError("failed to lookup address information: Temporary failure in name resolution") })', libcore/result.rs:1009:5
Dec 01 06:25:36.896 INFO [stdout] stack backtrace:
Dec 01 06:25:36.896 INFO [stdout]    0:     0x55a7a268088f - std::sys::unix::backtrace::tracing::imp::unwind_backtrace::h3a8b83e1922cbdde
Dec 01 06:25:36.896 INFO [stdout]                                at libstd/sys/unix/backtrace/tracing/gcc_s.rs:49
Dec 01 06:25:36.896 INFO [stdout]    1:     0x55a7a2689fa7 - std::sys_common::backtrace::print::h00d3155a29b4020f
Dec 01 06:25:36.896 INFO [stdout]                                at libstd/sys_common/backtrace.rs:71
Dec 01 06:25:36.896 INFO [stdout]                                at libstd/sys_common/backtrace.rs:59
Dec 01 06:25:36.896 INFO [stdout]    2:     0x55a7a2684a7f - std::panicking::default_hook::{{closure}}::hd7465c742e79e1bb
Dec 01 06:25:36.896 INFO [stdout]                                at libstd/panicking.rs:211
Dec 01 06:25:36.896 INFO [stdout]    3:     0x55a7a268477e - std::panicking::default_hook::h9e3966f2aa2a6e12
Dec 01 06:25:36.896 INFO [stdout]                                at libstd/panicking.rs:221
Dec 01 06:25:36.896 INFO [stdout]    4:     0x55a7a268515e - std::panicking::rust_panic_with_hook::h587f091ae747d080
Dec 01 06:25:36.896 INFO [stdout]                                at libstd/panicking.rs:476
Dec 01 06:25:36.896 INFO [stdout]    5:     0x55a7a2684d01 - std::panicking::continue_panic_fmt::hb3a4fdede87f43a8
Dec 01 06:25:36.896 INFO [stdout]                                at libstd/panicking.rs:390
Dec 01 06:25:36.896 INFO [stdout]    6:     0x55a7a2684be5 - rust_begin_unwind
Dec 01 06:25:36.896 INFO [stdout]                                at libstd/panicking.rs:325
Dec 01 06:25:36.896 INFO [stdout]    7:     0x55a7a26caa0c - core::panicking::panic_fmt::h6f9cebf5e7474a0b
Dec 01 06:25:36.896 INFO [stdout]                                at libcore/panicking.rs:77
Dec 01 06:25:36.896 INFO [stdout]    8:     0x55a7a25b9240 - core::result::unwrap_failed::ha75e2a1f2e72bffb
Dec 01 06:25:36.896 INFO [stdout]                                at libcore/macros.rs:26
Dec 01 06:25:36.896 INFO [stdout]    9:     0x55a7a2538a3d - <core::result::Result<T, E>>::unwrap::hcbd109141d54af80
Dec 01 06:25:36.896 INFO [stdout]                                at libcore/result.rs:808
Dec 01 06:25:36.896 INFO [stdout]   10:     0x55a7a2524354 - gh::git_hub::tests::build_test_request::h091dd9fb834d665c
Dec 01 06:25:36.896 INFO [stdout]                                at src/git_hub/mod.rs:84
Dec 01 06:25:36.896 INFO [stdout]   11:     0x55a7a2524fc0 - gh::git_hub::tests::test_add_auth_header::h55fbf3759a8896dd
Dec 01 06:25:36.896 INFO [stdout]                                at src/git_hub/mod.rs:126
Dec 01 06:25:36.896 INFO [stdout]   12:     0x55a7a2524f99 - gh::git_hub::tests::test_add_auth_header::{{closure}}::hc17644832afc2cf7
Dec 01 06:25:36.896 INFO [stdout]                                at src/git_hub/mod.rs:125
Dec 01 06:25:36.896 INFO [stdout]   13:     0x55a7a25258ad - core::ops::function::FnOnce::call_once::h0ad04eafdd227a2e
Dec 01 06:25:36.896 INFO [stdout]                                at libcore/ops/function.rs:238
Dec 01 06:25:36.896 INFO [stdout]   14:     0x55a7a254814e - <F as alloc::boxed::FnBox<A>>::call_box::hac903f91577a156c
Dec 01 06:25:36.896 INFO [stdout]                                at libtest/lib.rs:1468
Dec 01 06:25:36.896 INFO [stdout]                                at libcore/ops/function.rs:238
Dec 01 06:25:36.896 INFO [stdout]                                at liballoc/boxed.rs:672
Dec 01 06:25:36.896 INFO [stdout]   15:     0x55a7a2694f59 - __rust_maybe_catch_panic
Dec 01 06:25:36.897 INFO [stdout]                                at libpanic_unwind/lib.rs:102
Dec 01 06:25:36.897 INFO [stdout]   16:     0x55a7a2569da2 - std::sys_common::backtrace::__rust_begin_short_backtrace::hb8f0d0309526c184
Dec 01 06:25:36.897 INFO [stdout]                                at libstd/panicking.rs:289
Dec 01 06:25:36.897 INFO [stdout]                                at libstd/panic.rs:392
Dec 01 06:25:36.897 INFO [stdout]                                at libtest/lib.rs:1423
Dec 01 06:25:36.897 INFO [stdout]                                at libstd/sys_common/backtrace.rs:136
Dec 01 06:25:36.897 INFO [stdout]   17:     0x55a7a256a854 - std::panicking::try::do_call::hc2f7c8b9a348d8db
Dec 01 06:25:36.897 INFO [stdout]                                at libstd/thread/mod.rs:409
Dec 01 06:25:36.897 INFO [stdout]                                at libstd/panic.rs:313
Dec 01 06:25:36.897 INFO [stdout]                                at libstd/panicking.rs:310
Dec 01 06:25:36.897 INFO [stdout]   18:     0x55a7a2694f59 - __rust_maybe_catch_panic
Dec 01 06:25:36.897 INFO [stdout]                                at libpanic_unwind/lib.rs:102
Dec 01 06:25:36.897 INFO [stdout]   19:     0x55a7a2557a8c - <F as alloc::boxed::FnBox<A>>::call_box::h6bfded618e480b32
Dec 01 06:25:36.897 INFO [stdout]                                at libstd/panicking.rs:289
Dec 01 06:25:36.897 INFO [stdout]                                at libstd/panic.rs:392
Dec 01 06:25:36.897 INFO [stdout]                                at libstd/thread/mod.rs:408
Dec 01 06:25:36.897 INFO [stdout]                                at liballoc/boxed.rs:672
Dec 01 06:25:36.897 INFO [stdout]   20:     0x55a7a268277d - std::sys_common::thread::start_thread::h4c28257d67cdf9cb
Dec 01 06:25:36.897 INFO [stdout]                                at liballoc/boxed.rs:682
Dec 01 06:25:36.897 INFO [stdout]                                at libstd/sys_common/thread.rs:24
Dec 01 06:25:36.897 INFO [stdout]   21:     0x55a7a2676105 - std::sys::unix::thread::Thread::new::thread_start::hfecb2e7eff8fd34f
Dec 01 06:25:36.897 INFO [stdout]                                at libstd/sys/unix/thread.rs:90
Dec 01 06:25:36.897 INFO [stdout]   22:     0x7f649373b6b9 - start_thread
Dec 01 06:25:36.897 INFO [stdout]   23:     0x7f649325b41c - clone
Dec 01 06:25:36.897 INFO [stdout]   24:                0x0 - <unknown>
Dec 01 06:25:36.897 INFO [stdout] 
Dec 01 06:25:36.897 INFO [stdout] ---- git_hub::tests::test_add_headers stdout ----
Dec 01 06:25:36.897 INFO [stdout] thread 'git_hub::tests::test_add_headers' panicked at 'called `Result::unwrap()` on an `Err` value: Io(Custom { kind: Other, error: StringError("failed to lookup address information: Temporary failure in name resolution") })', libcore/result.rs:1009:5
Dec 01 06:25:36.897 INFO [stdout] stack backtrace:
Dec 01 06:25:36.897 INFO [stdout]    0:     0x55a7a268088f - std::sys::unix::backtrace::tracing::imp::unwind_backtrace::h3a8b83e1922cbdde
Dec 01 06:25:36.897 INFO [stdout]                                at libstd/sys/unix/backtrace/tracing/gcc_s.rs:49
Dec 01 06:25:36.897 INFO [stdout]    1:     0x55a7a2689fa7 - std::sys_common::backtrace::print::h00d3155a29b4020f
Dec 01 06:25:36.897 INFO [stdout]                                at libstd/sys_common/backtrace.rs:71
Dec 01 06:25:36.897 INFO [stdout]                                at libstd/sys_common/backtrace.rs:59
Dec 01 06:25:36.897 INFO [stdout]    2:     0x55a7a2684a7f - std::panicking::default_hook::{{closure}}::hd7465c742e79e1bb
Dec 01 06:25:36.897 INFO [stdout]                                at libstd/panicking.rs:211
Dec 01 06:25:36.897 INFO [stdout]    3:     0x55a7a268477e - std::panicking::default_hook::h9e3966f2aa2a6e12
Dec 01 06:25:36.897 INFO [stdout]                                at libstd/panicking.rs:221
Dec 01 06:25:36.897 INFO [stdout]    4:     0x55a7a268515e - std::panicking::rust_panic_with_hook::h587f091ae747d080
Dec 01 06:25:36.897 INFO [stdout]                                at libstd/panicking.rs:476
Dec 01 06:25:36.897 INFO [stdout]    5:     0x55a7a2684d01 - std::panicking::continue_panic_fmt::hb3a4fdede87f43a8
Dec 01 06:25:36.897 INFO [stdout]                                at libstd/panicking.rs:390
Dec 01 06:25:36.897 INFO [stdout]    6:     0x55a7a2684be5 - rust_begin_unwind
Dec 01 06:25:36.897 INFO [stdout]                                at libstd/panicking.rs:325
Dec 01 06:25:36.897 INFO [stdout]    7:     0x55a7a26caa0c - core::panicking::panic_fmt::h6f9cebf5e7474a0b
Dec 01 06:25:36.897 INFO [stdout]                                at libcore/panicking.rs:77
Dec 01 06:25:36.897 INFO [stdout]    8:     0x55a7a25b9240 - core::result::unwrap_failed::ha75e2a1f2e72bffb
Dec 01 06:25:36.897 INFO [stdout]                                at libcore/macros.rs:26
Dec 01 06:25:36.897 INFO [stdout]    9:     0x55a7a2538a3d - <core::result::Result<T, E>>::unwrap::hcbd109141d54af80
Dec 01 06:25:36.897 INFO [stdout]                                at libcore/result.rs:808
Dec 01 06:25:36.897 INFO [stdout]   10:     0x55a7a2524354 - gh::git_hub::tests::build_test_request::h091dd9fb834d665c
Dec 01 06:25:36.897 INFO [stdout]                                at src/git_hub/mod.rs:84
Dec 01 06:25:36.897 INFO [stdout]   11:     0x55a7a2524d00 - gh::git_hub::tests::test_add_headers::h3fb5c3a5abe0e688
Dec 01 06:25:36.897 INFO [stdout]                                at src/git_hub/mod.rs:96
Dec 01 06:25:36.897 INFO [stdout]   12:     0x55a7a2524cd9 - gh::git_hub::tests::test_add_headers::{{closure}}::h24db3afcb7d8b401
Dec 01 06:25:36.897 INFO [stdout]                                at src/git_hub/mod.rs:95
Dec 01 06:25:36.897 INFO [stdout]   13:     0x55a7a2525c3d - core::ops::function::FnOnce::call_once::hb515d1a6053079d1
Dec 01 06:25:36.897 INFO [stdout]                                at libcore/ops/function.rs:238
Dec 01 06:25:36.897 INFO [stdout]   14:     0x55a7a254814e - <F as alloc::boxed::FnBox<A>>::call_box::hac903f91577a156c
Dec 01 06:25:36.897 INFO [stdout]                                at libtest/lib.rs:1468
Dec 01 06:25:36.897 INFO [stdout]                                at libcore/ops/function.rs:238
Dec 01 06:25:36.897 INFO [stdout]                                at liballoc/boxed.rs:672
Dec 01 06:25:36.897 INFO [stdout]   15:     0x55a7a2694f59 - __rust_maybe_catch_panic
Dec 01 06:25:36.897 INFO [stdout]                                at libpanic_unwind/lib.rs:102
Dec 01 06:25:36.897 INFO [stdout]   16:     0x55a7a2569da2 - std::sys_common::backtrace::__rust_begin_short_backtrace::hb8f0d0309526c184
Dec 01 06:25:36.897 INFO [stdout]                                at libstd/panicking.rs:289
Dec 01 06:25:36.897 INFO [stdout]                                at libstd/panic.rs:392
Dec 01 06:25:36.897 INFO [stdout]                                at libtest/lib.rs:1423
Dec 01 06:25:36.897 INFO [stdout]                                at libstd/sys_common/backtrace.rs:136
Dec 01 06:25:36.897 INFO [stdout]   17:     0x55a7a256a854 - std::panicking::try::do_call::hc2f7c8b9a348d8db
Dec 01 06:25:36.897 INFO [stdout]                                at libstd/thread/mod.rs:409
Dec 01 06:25:36.897 INFO [stdout]                                at libstd/panic.rs:313
Dec 01 06:25:36.897 INFO [stdout]                                at libstd/panicking.rs:310
Dec 01 06:25:36.897 INFO [stdout]   18:     0x55a7a2694f59 - __rust_maybe_catch_panic
Dec 01 06:25:36.897 INFO [stdout]                                at libpanic_unwind/lib.rs:102
Dec 01 06:25:36.897 INFO [stdout]   19:     0x55a7a2557a8c - <F as alloc::boxed::FnBox<A>>::call_box::h6bfded618e480b32
Dec 01 06:25:36.897 INFO [stdout]                                at libstd/panicking.rs:289
Dec 01 06:25:36.897 INFO [stdout]                                at libstd/panic.rs:392
Dec 01 06:25:36.897 INFO [stdout]                                at libstd/thread/mod.rs:408
Dec 01 06:25:36.897 INFO [stdout]                                at liballoc/boxed.rs:672
Dec 01 06:25:36.897 INFO [stdout]   20:     0x55a7a268277d - std::sys_common::thread::start_thread::h4c28257d67cdf9cb
Dec 01 06:25:36.897 INFO [stdout]                                at liballoc/boxed.rs:682
Dec 01 06:25:36.897 INFO [stdout]                                at libstd/sys_common/thread.rs:24
Dec 01 06:25:36.897 INFO [stdout]   21:     0x55a7a2676105 - std::sys::unix::thread::Thread::new::thread_start::hfecb2e7eff8fd34f
Dec 01 06:25:36.898 INFO [stdout]                                at libstd/sys/unix/thread.rs:90
Dec 01 06:25:36.898 INFO [stdout]   22:     0x7f649373b6b9 - start_thread
Dec 01 06:25:36.898 INFO [stdout]   23:     0x7f649325b41c - clone
Dec 01 06:25:36.898 INFO [stdout]   24:                0x0 - <unknown>
Dec 01 06:25:36.898 INFO [stdout] 
Dec 01 06:25:36.898 INFO [stdout] 
Dec 01 06:25:36.898 INFO [stdout] failures:
Dec 01 06:25:36.898 INFO [stdout]     git_hub::tests::test_add_auth_header
Dec 01 06:25:36.898 INFO [stdout]     git_hub::tests::test_add_base_headers
Dec 01 06:25:36.898 INFO [stdout]     git_hub::tests::test_add_headers
Dec 01 06:25:36.898 INFO [stdout] 
Dec 01 06:25:36.898 INFO [stdout] test result: FAILED. 8 passed; 3 failed; 0 ignored; 0 measured; 0 filtered out
Dec 01 06:25:36.898 INFO [stdout] 
Dec 01 06:25:36.908 INFO [stderr] error: test failed, to rerun pass '--bin gh'
Dec 01 06:25:36.908 INFO [stderr] su: No module specific data is present
Dec 01 06:25:38.207 INFO running `"docker" "inspect" "3f010905e7712016d212fa5a8473f4f3725e8243535ea92ea3aa8b5c2bf65797"`
Dec 01 06:25:38.603 INFO running `"docker" "rm" "-f" "3f010905e7712016d212fa5a8473f4f3725e8243535ea92ea3aa8b5c2bf65797"`
Dec 01 06:25:38.887 INFO [stdout] 3f010905e7712016d212fa5a8473f4f3725e8243535ea92ea3aa8b5c2bf65797
